ded by s?
13
Suppose -5*r = -r + 5*j - 174, -3*j = -r + 35. Let o = r + -25. Calculate the remainder when o is divided by 9.
7
Let o be 15/6 + 1/2. Suppose o*t - 33 - 12 = 0. Let n(p) = 2*p**2 + p + 1. What is the remainder when n(-4) is divided by t?
14
Suppose 0*x + 16 = 4*x. Suppose 51 = 5*k + 4*z, -x = 2*z - 2. What is the remainder when k is divided by 4?
3
Let s = 88 - 53. Suppose -3*q = -2*q - s. Calculate the remainder when q is divided by 18.
17
Suppose -3*r + 4*d + 27 = -4, -d - 4 = 0. Let j = 10 - 7. Suppose 2*u = j*c + 6*u - 17, 2*u + 11 = 5*c. Calculate the remainder when r is divided by c.
2
Let y(s) be the first derivative of 11*s**3 + s**2/2 + 2. What is the remainder when y(1) is divided by 12?
10
Let c(i) = -10*i - 23. Calculate the remainder when 104 is divided by c(-5).
23
Let z = 9 + -4. Suppose 0 = -z*t - 3*q + 180, -t - 3 + 17 = 5*q. Calculate the remainder when t is divided by (4/5)/((-2)/(-35)).
11
Calculate the remainder when 490/4*1 + 4/8 is divided by 42.
39
Let m(i) = -i**2 + 25*i - 23. Calculate the remainder when m(19) is divided by 23.
22
Suppose 3*h - 22 = h. Calculate the remainder when 996/32 - (18/16 - 1) is divided by h.
9
Suppose -3*o - 68 = p - 230, 216 = 4*o + p. What is the remainder when o is divided by 14?
12
Let l(y) = -4*y**2 + 9*y + 1. Let c be l(8). What is the remainder when c/(-15) - 3/15 is divided by 5?
2
Let h = -35 - -56. Let i = 39 - h. What is the remainder when 34 is divided by i?
16
Suppose -4*z = -3 - 9, -36 = -2*q + 2*z. What is the remainder when q is divided by ((-90)/25)/(3/(-10))?
9
Suppose 4*v = 2*n + 42, v + 2*n - 16 = -3*n. What is the remainder when 19 is divided by v?
8
Suppose -5*q + 54 = z, 0*z = -4*z + 16. What is the remainder when 17 is divided by q?
7
Calculate the remainder when 34 is divided by 4/(34/66 - (-4)/(-22)).
10
Let f be 2/6*(4 - 4). Suppose f*o = -o - 12. Let r = 17 + o. Calculate the remainder when 13 is divided by r.
3
Let t(p) = p**3 - 7*p**2 + 7*p - 2. Suppose -1 = 2*m - 9. Suppose 0 = -5*i - 20, b + b + 2*i = m. Calculate the remainder when t(b) is divided by 2.
0
Let f be (168/(-36))/((-4)/6). Suppose 0 = -2*b + 21 + f. Calculate the remainder when 53 is divided by b.
11
What is the remainder when 7 is divided by 168/30 - (-3)/(-5)?
2
Suppose -5*y + 339 = -171. Suppose -5*a = -2*a + y. What is the remainder when (-1)/(2/a + 0) is divided by 9?
8
Let g = 25 - 20. Suppose -45 - 130 = -5*v + g*b, -b = 5*v - 205. Calculate the remainder when v is divided by 6.
4
Suppose -4*t - 1 = -5*z - 11, -4*t + 12 = -4*z. Let p(y) = 3*y**3 - 3*y**2 + 2*y + 1. Let v(w) = 2*w - 10. Calculate the remainder when p(z) is divided by v(8).
5
Let y = 103 + -52. Let w = 109 - 96. Calculate the remainder when y is divided by w.
12
Suppose -92 = -4*w - w - b, -w = 5*b - 28. Suppose -w*u + 22*u = 44. Calculate the remainder when 30 is divided by u.
8
Let d(h) = 12*h**2 - 4*h + 2. Suppose 2*w = 42 - 24. Let g = w - -2. What is the remainder when d(2) is divided by g?
9
Let i = -52 + 95. What is the remainder when i is divided by (-110)/15*(-6)/4?
10
Suppose 5*s + 20 = 0, 2*d - 5*s - 25 = -1. Calculate the remainder when 10 is divided by d.
0
Let s(f) = 2*f**2 + 2*f + 4. Let w = 8 - 4. Suppose -3*q - q + w*u + 32 = 0, 4*q - 3*u = 30. What is the remainder when s(-3) is divided by q?
4
Let c = -6 - -7. Let v(k) = 5*k**2. Calculate the remainder when 8 is divided by v(c).
3
Suppose -5*w - 7 + 17 = 0. Suppose 0 = -3*b - 1 - w, -35 = -3*o - 4*b. What is the remainder when 24 is divided by o?
11
Let o = -32 - -40. Calculate the remainder when 44 is divided by o.
4
Let j(m) = m**2 - 3*m - 2. Let x be j(4). Let f(b) = 5*b**2 + 2*b - 1. Calculate the remainder when f(x) is divided by 15 - (5 - (3 - 0)).
10
Let x(k) = -k**3 + 4*k**2 + 10*k + 10. Calculate the remainder when x(5) is divided by 19.
16
Let d(c) = c**3 - 19*c**2 - 19*c + 2. Calculate the remainder when d(20) is divided by 5.
2
Suppose 0 = -2*r - 2*r + 44. Suppose 3*x = -2*x - 2*s + 10, -s - 6 = -3*x. Let q = r - x. What is the remainder when q is divided by 5?
4
Suppose 226 = -3*p - 11. Let n = p + 134. What is the remainder when n is divided by (-135)/(-7) + 4/(-14)?
17
Let z(a) = -5*a + 2. Let b(l) = 5*l**2 - l + 1. Calculate the remainder when z(-2) is divided by b(-1).
5
Suppose 5*a - 4*a = 12. Calculate the remainder when (-1)/(-1) + -2 - -35 is divided by a.
10
Let m be -12 + (-4 - -2)/(-1). Let q be ((-16)/m)/((-10)/(-25)). Suppose 0*t - 76 = -q*t. Calculate the remainder when t is divided by 10.
9
Let b(c) = 2*c + 1. Let m be b(2). Suppose m*q - 17 = -2. Suppose 0*z + 3 = q*z. What is the remainder when z is divided by 1?
0
Let x = 35 + -17. What is the remainder when 71 is divided by x?
17
Let g = -66 - -71. Suppose -o + 4 = -9. Calculate the remainder when o is divided by g.
3
Suppose -3*y = -6*y + 129. Let d be (5 - 1) + 2 - 2. What is the remainder when y is divided by 10 + 3 + d/2?
13
What is the remainder when (9/12)/(2/88) is divided by 472/26 + 10/(-65)?
15
Let n(a) = -a + 8. Let k be n(9). Let p be k + 1 + 5 + -1. Suppose -5*s - 41 + 3 = -2*d, -50 = -3*d + p*s. What is the remainder when 53 is divided by d?
11
Let y be (-2)/5*(-10 - 5). Suppose -49 - 107 = -y*r. Calculate the remainder when r is divided by 7.
5
Suppose 17*t - 261 = 8*t. Let v = -6 + 12. Suppose -6 = -l + q, -q + v - 2 = 0. What is the remainder when t is divided by l?
9
Suppose 0 = -3*q + 9, 5*k - 3*q - 9 = -3. Let a = 8 - k. Suppose 0 = -a*z - 3*t + t + 79, 3*t = 3*z - 60. Calculate the remainder when 50 is divided by z.
16
Let k = -8 - -20. Calculate the remainder when 23 is divided by k.
11
Calculate the remainder when 12 - (1/(-5) - 32/(-10)) is divided by 5.
4
Let h = -4 + 1. Suppose 5*z = 4 + 6. What is the remainder when (12/9)/((-2)/h) is divided by z?
0
Let b be ((-5)/(-15))/(1/3). Calculate the remainder when 20 is divided by 7/(28/32) - b.
6
Suppose 4*p = -0*p. Suppose -8*i = h - 3*i + 17, 5*i = -25. Let b = h - p. What is the remainder when 30 is divided by b?
6
Let t(v) = 2*v**2 - 5*v - 1. Let m be t(6). Let z = m + 22. Calculate the remainder when z is divided by 16.
15
Suppose -2*i = x - 17, 6*i + 3*x - 33 = 2*i. What is the remainder when 42 is divided by i?
6
Let d(p) = -p**2 + 2*p + 39. What is the remainder when 44 is divided by d(-4)?
14
Suppose -3*f = -36 - 9. What is the remainder when 55 is divided by f?
10
Let m = 17 - 6. Let v(u) = 2*u. Calculate the remainder when v(10) is divided by m.
9
Let y(l) = -44*l + 2. Let i be y(-1). Suppose 4*j - i = 22. Let f = 5 - -1. What is the remainder when j is divided by f?
5
Suppose 3*b + 65 = 8*b. What is the remainder when 50 is divided by b?
11
Suppose -4*c + 63 = -5. Calculate the remainder when c is divided by 7.
3
Calculate the remainder when 249 is divided by 82/3 - (-2)/3.
25
Let s(m) = -m**3 + 10*m**2 + 12*m - 7. Let f be s(11). Suppose 28 = f*k + 12. Suppose -2*o + k*o - 32 = 0. Calculate the remainder when o is divided by 6.
4
Suppose -2*t + 0*t + 34 = -4*h, -t - 3*h + 27 = 0. Calculate the remainder when t is divided by 12.
9
Suppose -12 = 3*r - 6*r. Calculate the remainder when 11 is divided by r.
3
What is the remainder when 68 is divided by (-6)/(-10) + (-394)/(-20)*2?
28
Calculate the remainder when -1 + -4 - 390/(-6) is divided by 13.
8
Let j = -51 - -63. Let d(c) = c**3 - 3*c + 4. Calculate the remainder when d(3) is divided by j.
10
Let p = -24 - -41. Suppose -4*g + p = -15. Suppose 0*y + g = 2*y. Calculate the remainder when 6 is divided by y.
2
Suppose -12*v + 228 = -9*v. Let r = 71 - 45. What is the remainder when v is divided by r?
24
Let s = 41 + -29. Let k(i) = -i**3 - 6*i**2 - i - 1. Let u be k(-5). Let y = 2 - u. Calculate the remainder when y is divided by s.
11
Let i = 6 - -6. Let l be i*(-2 - 14/(-6)). What is the remainder when 32 is divided by ((-4)/6)/(l/(-102))?
15
Let k(y) = 2*y**3 - 2*y**2 - 1. Calculate the remainder when k(2) is divided by (-7)/((-210)/124) + (-4)/30.
3
What is the remainder when (525/30)/((-3)/(-6)) is divided by (4/(-3))/((-6)/81)?
17
Suppose -43 = u - t, 0*t - 89 = 2*u + t. Let m = 63 + u. Suppose -54 = -5*l - 4. What is the remainder when m is divided by l?
9
Let d = 30 + 0. Suppose -2 + d = 2*l. Suppose -2*t = 10, -5*t = 